 composite number?
False
Let l be 0*(-1 - (0 + -2)). Let h be 8 + -8 + 0 + l. Is 33 - (-1 + h)/1 prime?
False
Let y be (-4)/3 - 26/(-6). Let i(f) = f**2 - f - 2. Let k be i(y). Suppose k*o = 1814 + 158. Is o a prime number?
False
Suppose 0 = -5*p - b + 34631, -5*p + 28100 = 3*b - 6523. Is p prime?
False
Let t = 1267 - 263. Let f = 63 - 63. Suppose -2*w - 2*w + t = f. Is w a composite number?
False
Let c(i) = -5*i + 4. Let z be c(3). Let w = -8 - z. Suppose 0 = -3*l - w*h + 246, -5*l + 4*h = -423 - 14. Is l prime?
False
Let p = -1086 + 13055. Is p prime?
True
Let x = 1844 + -1135. Is x composite?
False
Suppose -29 - 71 = -4*m. Let p = 60 + m. Is p composite?
True
Let p be -1 + -2*(-1 - -2). Let v(g) = 2*g + 6. Let f be v(p). Suppose f = -b + 4*u + 419, 7*u - 2*u - 1613 = -4*b. Is b prime?
False
Suppose m + 3*m = 2020. Suppose 3*y = -2*v + m, 5*v - 534 - 738 = 2*y. Let n = -141 + v. Is n a composite number?
False
Let g(l) = 286*l**3 + 2*l**2 - 2*l + 1. Suppose 2*q = 3*h - 5, 0 = h + 3*h - q - 5. Is g(h) prime?
False
Suppose 2*k + k + 230 = -4*r, 0 = -2*r + 8. Let b = 267 + k. Is b a composite number?
True
Suppose 8 = 114*y - 113*y. Suppose -6*a - 2818 = -y*a. Is a a prime number?
True
Is 381/(-6)*(-8 + -6) composite?
True
Suppose 3*m + 1 = 10. Suppose -4862 = -m*o - 1667. Suppose 0 = 3*z, h - 4*h - 2*z + o = 0. Is h composite?
True
Let f(n) = -8*n**3 + n + 8. Let c be f(4). Is -3 - (2 + c)/3 prime?
True
Let d = -26 + 40. Let a = 7 - d. Let p = 45 + a. Is p a composite number?
True
Let a(r) = 2*r**2 + 13*r + 13. Let s be 0/(2/(1 - 3)) + -16. Is a(s) a composite number?
False
Suppose 130*o = 141*o - 338503. Is o prime?
True
Suppose -5161 = 42*k - 47287. Is k a composite number?
True
Suppose 5*k - 3*j = -1102 + 12225, -4*k + 8900 = -2*j. Is k prime?
False
Suppose 5*u + 33588 = 2*f, 14*f = 19*f - u - 83993. Is f composite?
True
Is 60/(-8)*(-150888)/36 a prime number?
False
Is 17/4 - 4 - (-886518)/72 composite?
True
Let p(s) = 268*s**3 + 13*s**2 - 2*s + 2. Is p(3) composite?
False
Is (-1 + 2 - -5) + 9405 a composite number?
True
Let o be 6/27 + 852/54. Suppose o = -3*h + 7*h. Suppose -h*b = -3*b - 251. Is b prime?
True
Suppose -3*r + 7824 = r. Is (7/(-2) + 2)/((-6)/r) a prime number?
False
Let o(j) = j**2 - 3*j + 11. Let n(r) = r**3 + 14*r**2 + 9*r + 2. Let c be n(-13). Suppose -2*x = -8*x + c. Is o(x) prime?
False
Let z = 17 + -31. Is (0 + -1)*(z - 177) prime?
True
Let r(j) = 4*j - 88*j + 26 - 4 - 3. Is r(-4) a composite number?
True
Let q = 12 + -10. Suppose o - 2 = 0, g + q*g - o = 769. Is g prime?
True
Let s = 390 - 237. Suppose 0*b + s = b + 2*o, -141 = -b + 4*o. Is b a composite number?
False
Let g = 1283 - 769. Let b = -37 + 37. Suppose b = f + f - g. Is f a prime number?
True
Suppose r + 4*r = 5, s = -4*r + 6905. Is s composite?
True
Let d(l) = -10*l + 13. Let z be d(11). Let n be 1 + z/(-1 + 0). Let m = n + -49. Is m a prime number?
False
Let j(d) = -19*d**3 - 3*d**2 - 6*d - 5. Let r = -29 - -26. Is j(r) composite?
False
Let p(f) = f**3 + 7*f**2 - 2*f - 4. Let h be p(-7). Suppose 0 = 4*k + 2 - h. Suppose -k*u = u - 207. Is u prime?
False
Suppose 3*c = 4*x - 33, -4*x = 3*c - 24 - 39. Let q = -7 + x. Suppose q*r = 4*r + 341. Is r prime?
False
Let o = -612 - -1247. Is o prime?
False
Let g(a) = -a**3 + 12*a**2 + 8*a - 9. Let f(p) = p**3 - 12*p**2 - 7*p + 9. Let o(z) = 3*f(z) + 2*g(z). Is o(13) prime?
True
Let h be 92/(-1) + (-14 - -15). Let n = 108 - h. Is n a composite number?
False
Let n be (-10)/4*4/1. Let z = n + 12. Is (8/10)/(z/235) a prime number?
False
Let u = 12 - 22. Let j be (-2)/u + 57/15. Suppose 103 + 69 = j*r. Is r prime?
True
Let c be (10/8)/(6/(-24)). Is 1755 + 2*5/c a prime number?
True
Let g(s) = 12*s**2 + 9*s + 12. Let n be g(-7). Suppose 2*k - n - 693 = -2*i, 0 = -3*k + i + 1829. Is k a prime number?
False
Let j(v) = -72*v + 95. Is j(-20) composite?
True
Suppose -494*q - 50395 = -499*q. Is q a composite number?
False
Let k = -365 + 1162. Is k a composite number?
False
Suppose 117 = 4*h + 525. Let j = h + 193. Is j a composite number?
True
Let a be 3/(-5) + 17086*2/(-5). Is a/(-4) - 3/(-12) a prime number?
True
Suppose -p + 82 = 4*r - 2287, -7107 = -3*p + 2*r. Is p a prime number?
False
Is 90038/14 - (-150)/(-525) composite?
True
Let y = -29 - -13. Let l = 2 - y. Is 158/l - 2/(-9) prime?
False
Suppose 0 = -4*m + 8*l - 3*l + 28972, -2*m = l - 14500. Let p = m + -4931. Is p prime?
False
Let g = 2198 + -39. Is g a composite number?
True
Let o(i) = 5*i + 11. Let r be o(-5). Let h be 11 + r + (-6)/(-2). Suppose -k + 4*k - 789 = h. Is k composite?
False
Is (3 + -7)*(-382150)/40 a composite number?
True
Suppose 7*l = 6*l - 5621. Let j = 9312 + l. Is j a composite number?
False
Let z be (-4 - -2)/2 - -8. Suppose p + 62 = 2*d, 3*p - 17 = -d + z*p. Suppose -b + d = -3*h + 481, 3*h - 444 = -3*b. Is h a prime number?
True
Suppose 8 = 2*b, -2*t + t + 293 = 5*b. Let n(y) = 3 + 102*y + t*y - 3 - 2. Is n(1) prime?
True
Let u = 145 - 142. Is u prime?
True
Suppose -7*x = -17 - 4. Suppose -2*h + 35 = r, 0 = -h - x + 2. Is r prime?
True
Let c(j) be the second derivative of -j**7/840 - j**6/60 - j**5/120 + j**4/6 + j**3/6 + 6*j. Let n(s) be the second derivative of c(s). Is n(-6) prime?
False
Let h(y) = 215*y + 43. Is h(6) prime?
False
Let x(i) = i**3 - 2*i**2 - 23*i - 9. Is x(20) a prime number?
False
Suppose -5*i + 83 = 2*k, 2*i - i = -k + 16. Suppose 3*a - 11 = 4*p, 0 = -4*a - 0*p + 3*p + i. Let n(x) = 2*x**3 - 3*x**2 - x - 7. Is n(a) composite?
False
Let n = -16 + 23. Suppose -1 - n = -4*q. Suppose -t - 238 = -2*g - g, -q*t - 81 = -g. Is g a prime number?
True
Let d(g) = -96*g**2 - 11*g - 9. Let p(f) = 48*f**2 + 6*f + 4. Let q(h) = -3*d(h) - 5*p(h). Is q(4) prime?
True
Let u(r) = -r - 2. Let h be u(-6). Suppose -4*a + 4*p + p = -827, 5*a - h*p - 1045 = 0. Is a a prime number?
False
Let w(y) be the first derivative of y**2/2 - y - 2. Let s be w(-5). Is (2/(-6))/(s/2394) composite?
True
Let u(d) = 15*d + 12. Let a be (-1)/(-2)*2*5. Is u(a) a prime number?
False
Suppose 3*h - 30 = 9. Suppose 14*i + 86 = h*i. Is (i/(-3))/(8/12) a composite number?
False
Let w(b) = 38*b**2 - 4*b - 1. Let x(y) = -19*y**2 + 2*y. Let p(l) = 3*w(l) + 5*x(l). Is p(-2) a composite number?
True
Let i = -9969 - -15200. Is i a composite number?
False
Let o = -109 + 130. Suppose 5*a + 38864 = o*a. Is a prime?
False
Let l(f) = 3*f**3 + 5*f**2 - 3*f - 2. Suppose 4*s - 2*b = 24, 3*s + 2*b = -b. Suppose s = -a + 7. Is l(a) composite?
True
Is ((-64)/48)/((-4)/95061) a prime number?
True
Suppose 15*o = 4*o + 538373. Is o a prime number?
False
Let r(v) = -v**2 + 11*v - 7. Let g be r(10). Suppose -5*f = -5*w - 2515, 3*f = g*w + 2*w + 1505. Is f prime?
False
Suppose -l - 28 + 32 = 0. Suppose -5*q = -l*q - 1, 2*h = 5*q + 1701. Is h a prime number?
True
Let g be (-6)/2 - (0 - 5). Suppose 2*w - 10 + g = 0. Suppose -9*l = -w*l - 3685. Is l a composite number?
True
Let v = 28733 + 11208. Is v a prime number?
False
Suppose -452 = -d + 296. Let b = -455 + d. Is b a prime number?
True
Let y = -451 - -232. Let l = y - -317. Is 8768/7 + 42/l a composite number?
True
Let p(q) = -25*q - 169. Is p(-20) a prime number?
True
Suppose -36*o = -44*o + 31256. Is o a composite number?
False
Let y(b) be the second derivative of 11*b**4/12 - b**3/2 + 17*b**2/2 - 3*b. Let u be y(9). Suppose -8*j + l = -4*j - 1170, -l = 3*j - u. Is j a prime number?
True
Suppose -2281 = -31*j + 30*j. Let l = -1244 + j. Is l a prime number?
False
Suppose 9*z - 6*z = 15. Suppose -4*k + 21 = -5*i, 5*k + 1 = 4*k - z*i. Is k/10 - (-29295)/75 composite?
True
Suppose -5*n - 5 = 0, -n = -2*v + 6*v + 33. Let k = 77 + v. Is k a composite number?
True
Let s(d) = 9*d**2 + 298 + d - 4*d**3 + 2*d**3 - 8*d**2. Is s(0) a composite number?
True
Let k(b) = -2*b - 26. Let l be k(-12). Let t be 180/42 - l/(-7). Suppose 156 = 2*h - 5*c, -t*c = -h - 4*h + 407. Is h a composite number?
False
Suppose 3*n = -2*r + 7*n + 5858, 14617 = 5*r - 3*n. Is r a composite number?
True
Let r(p) = -24*p**3 - 14*p**2 + 13*p + 26. Is r(-5) composite?
True
Let r = -4049 + 29640. Is r prime?
False
Let p = 18 - 14. Suppose -p*a - 603 = -13*a. Is a a prime number?
True
Let n(p) = p**2 + 10*p - 5. Let l be n(6). Suppose -l = 2*g - 3*g + 5*w, -4*w = 2*g - 224. Is